{"id":583,"date":"2017-10-17T11:02:33","date_gmt":"2017-10-17T09:02:33","guid":{"rendered":"https:\/\/seniorendomizil-rak.de\/Seniorendomizil\/?page_id=583"},"modified":"2019-02-06T16:39:06","modified_gmt":"2019-02-06T15:39:06","slug":"lernpartnerschaft","status":"publish","type":"page","link":"https:\/\/seniorendomizil-rak.de\/Seniorendomizil\/lernpartnerschaft\/","title":{"rendered":"Lernpartnerschaft"},"content":{"rendered":"<p>Die Zusammenarbeit im Rahmen der KURS K\u00f6ln, ein Projekt der IHK und der Bezirksregierung K\u00f6ln, gab es schon seit vielen Jahren mit der AKS Hauptschule in Nideggen. Im Fr\u00fchjahr 2016 wurde die Partnerschaft mit der Sekundarschule Kreuzau\/Nideggen erneuert und wir freuen uns weiterhin auf eine sehr angenehme und erfolgreiche Zusammenarbeit.<\/p>\n<p>&nbsp;<\/p>\n<p><a href=\"https:\/\/seniorendomizil-rak.de\/wp-content\/uploads\/Senioren-Domizil-Rak.jpg\"><img loading=\"lazy\" class=\"aligncenter size-medium wp-image-591\" src=\"https:\/\/seniorendomizil-rak.de\/wp-content\/uploads\/Senioren-Domizil-Rak-533x300.jpg\" alt=\"\" width=\"533\" height=\"300\" srcset=\"https:\/\/seniorendomizil-rak.de\/wp-content\/uploads\/Senioren-Domizil-Rak-533x300.jpg 533w, https:\/\/seniorendomizil-rak.de\/wp-content\/uploads\/Senioren-Domizil-Rak-768x432.jpg 768w, https:\/\/seniorendomizil-rak.de\/wp-content\/uploads\/Senioren-Domizil-Rak-1024x576.jpg 1024w, https:\/\/seniorendomizil-rak.de\/wp-content\/uploads\/Senioren-Domizil-Rak-480x270.jpg 480w\" sizes=\"(max-width: 533px) 100vw, 533px\" \/><\/a><\/p>\n<p>Bereits mehrere Ausbildungsverh\u00e4ltnisse sind aus dieser Zusammenarbeit entstanden.<\/p>\n<p>&nbsp;<\/p>\n<p>Letztlich freuen sich unsere Seniorinnen und Senioren immer sehr \u00fcber die Besuche der Sch\u00fclerinnen und Sch\u00fcler zu gemeinsamen Aktivit\u00e4ten.<a href=\"https:\/\/seniorendomizil-rak.de\/wp-content\/uploads\/Spielen-im-Senioren-DOmizil-Rak.jpg\"><img loading=\"lazy\" class=\"size-medium wp-image-589 alignleft\" src=\"https:\/\/seniorendomizil-rak.de\/wp-content\/uploads\/Spielen-im-Senioren-DOmizil-Rak-400x300.jpg\" alt=\"\" width=\"400\" height=\"300\" srcset=\"https:\/\/seniorendomizil-rak.de\/wp-content\/uploads\/Spielen-im-Senioren-DOmizil-Rak-400x300.jpg 400w, https:\/\/seniorendomizil-rak.de\/wp-content\/uploads\/Spielen-im-Senioren-DOmizil-Rak-768x576.jpg 768w, https:\/\/seniorendomizil-rak.de\/wp-content\/uploads\/Spielen-im-Senioren-DOmizil-Rak-1024x768.jpg 1024w, https:\/\/seniorendomizil-rak.de\/wp-content\/uploads\/Spielen-im-Senioren-DOmizil-Rak-360x270.jpg 360w\" sizes=\"(max-width: 400px) 100vw, 400px\" \/><\/a><a href=\"https:\/\/seniorendomizil-rak.de\/wp-content\/uploads\/Kegeln-im-Seniorenheim.jpg\"><img loading=\"lazy\" class=\"size-medium wp-image-590 alignright\" src=\"https:\/\/seniorendomizil-rak.de\/wp-content\/uploads\/Kegeln-im-Seniorenheim-400x300.jpg\" alt=\"\" width=\"400\" height=\"300\" srcset=\"https:\/\/seniorendomizil-rak.de\/wp-content\/uploads\/Kegeln-im-Seniorenheim-400x300.jpg 400w, https:\/\/seniorendomizil-rak.de\/wp-content\/uploads\/Kegeln-im-Seniorenheim-768x576.jpg 768w, https:\/\/seniorendomizil-rak.de\/wp-content\/uploads\/Kegeln-im-Seniorenheim-1024x768.jpg 1024w, https:\/\/seniorendomizil-rak.de\/wp-content\/uploads\/Kegeln-im-Seniorenheim-360x270.jpg 360w\" sizes=\"(max-width: 400px) 100vw, 400px\" \/><\/a><\/p>\n","protected":false},"excerpt":{"rendered":"<p>Die Zusammenarbeit im Rahmen der KURS K\u00f6ln, ein Projekt der IHK und der Bezirksregierung K\u00f6ln, gab es schon seit vielen Jahren mit der AKS Hauptschule in Nideggen. Im Fr\u00fchjahr 2016 wurde die Partnerschaft mit der Sekundarschule Kreuzau\/Nideggen erneuert und wir freuen uns weiterhin auf eine sehr angenehme und erfolgreiche Zusammenarbeit. &nbsp; Bereits mehrere Ausbildungsverh\u00e4ltnisse sind aus dieser Zusammenarbeit entstanden. &nbsp; Letztlich freuen sich unsere Seniorinnen und Senioren immer sehr \u00fcber die Besuche der Sch\u00fclerinnen und Sch\u00fcler zu gemeinsamen Aktivit\u00e4ten.<\/p>\n","protected":false},"author":1,"featured_media":0,"parent":0,"menu_order":0,"comment_status":"closed","ping_status":"closed","template":"","meta":[],"_links":{"self":[{"href":"https:\/\/seniorendomizil-rak.de\/Seniorendomizil\/wp-json\/wp\/v2\/pages\/583"}],"collection":[{"href":"https:\/\/seniorendomizil-rak.de\/Seniorendomizil\/wp-json\/wp\/v2\/pages"}],"about":[{"href":"https:\/\/seniorendomizil-rak.de\/Seniorendomizil\/wp-json\/wp\/v2\/types\/page"}],"author":[{"embeddable":true,"href":"https:\/\/seniorendomizil-rak.de\/Seniorendomizil\/wp-json\/wp\/v2\/users\/1"}],"replies":[{"embeddable":true,"href":"https:\/\/seniorendomizil-rak.de\/Seniorendomizil\/wp-json\/wp\/v2\/comments?post=583"}],"version-history":[{"count":5,"href":"https:\/\/seniorendomizil-rak.de\/Seniorendomizil\/wp-json\/wp\/v2\/pages\/583\/revisions"}],"predecessor-version":[{"id":655,"href":"https:\/\/seniorendomizil-rak.de\/Seniorendomizil\/wp-json\/wp\/v2\/pages\/583\/revisions\/655"}],"wp:attachment":[{"href":"https:\/\/seniorendomizil-rak.de\/Seniorendomizil\/wp-json\/wp\/v2\/media?parent=583"}],"curies":[{"name":"wp","href":"https:\/\/api.w.org\/{rel}","templated":true}]}}