{"id":503,"date":"2017-09-25T10:34:56","date_gmt":"2017-09-25T08:34:56","guid":{"rendered":"http:\/\/vorschau.seniorendomizil-rak.de\/?page_id=503"},"modified":"2017-10-16T12:19:55","modified_gmt":"2017-10-16T10:19:55","slug":"mitarbeiter","status":"publish","type":"page","link":"https:\/\/seniorendomizil-rak.de\/Seniorendomizil\/mitarbeiter\/","title":{"rendered":"Mitarbeiter"},"content":{"rendered":"<p>Mit unseren Mitarbeiterinnen und Mitarbeitern pflegen wir einen offenen, ehrlichen und wertsch\u00e4tzenden Umgang, der die Basis f\u00fcr ein positives Umfeld auch f\u00fcr unsere Bewohner ist. Wir f\u00f6rdern die St\u00e4rken unserer Mitarbeiter durch regelm\u00e4\u00dfige interne, wie externe Schulungsma\u00dfnahmen und unterst\u00fctzen die Arbeit durch unsere erstklassige Hilfsmittelausstattung.<\/p>\n","protected":false},"excerpt":{"rendered":"<p>Mit unseren Mitarbeiterinnen und Mitarbeitern pflegen wir einen offenen, ehrlichen und wertsch\u00e4tzenden Umgang, der die Basis f\u00fcr ein positives Umfeld auch f\u00fcr unsere Bewohner ist. Wir f\u00f6rdern die St\u00e4rken unserer Mitarbeiter durch regelm\u00e4\u00dfige interne, wie externe Schulungsma\u00dfnahmen und unterst\u00fctzen die Arbeit durch unsere erstklassige Hilfsmittelausstattung.<\/p>\n","protected":false},"author":1,"featured_media":0,"parent":0,"menu_order":0,"comment_status":"closed","ping_status":"closed","template":"","meta":[],"_links":{"self":[{"href":"https:\/\/seniorendomizil-rak.de\/Seniorendomizil\/wp-json\/wp\/v2\/pages\/503"}],"collection":[{"href":"https:\/\/seniorendomizil-rak.de\/Seniorendomizil\/wp-json\/wp\/v2\/pages"}],"about":[{"href":"https:\/\/seniorendomizil-rak.de\/Seniorendomizil\/wp-json\/wp\/v2\/types\/page"}],"author":[{"embeddable":true,"href":"https:\/\/seniorendomizil-rak.de\/Seniorendomizil\/wp-json\/wp\/v2\/users\/1"}],"replies":[{"embeddable":true,"href":"https:\/\/seniorendomizil-rak.de\/Seniorendomizil\/wp-json\/wp\/v2\/comments?post=503"}],"version-history":[{"count":2,"href":"https:\/\/seniorendomizil-rak.de\/Seniorendomizil\/wp-json\/wp\/v2\/pages\/503\/revisions"}],"predecessor-version":[{"id":576,"href":"https:\/\/seniorendomizil-rak.de\/Seniorendomizil\/wp-json\/wp\/v2\/pages\/503\/revisions\/576"}],"wp:attachment":[{"href":"https:\/\/seniorendomizil-rak.de\/Seniorendomizil\/wp-json\/wp\/v2\/media?parent=503"}],"curies":[{"name":"wp","href":"https:\/\/api.w.org\/{rel}","templated":true}]}}