{"id":499,"date":"2017-09-25T10:18:15","date_gmt":"2017-09-25T08:18:15","guid":{"rendered":"http:\/\/vorschau.seniorendomizil-rak.de\/?page_id=499"},"modified":"2017-09-25T12:08:26","modified_gmt":"2017-09-25T10:08:26","slug":"sport","status":"publish","type":"page","link":"https:\/\/seniorendomizil-rak.de\/Seniorendomizil\/sport\/","title":{"rendered":"Gesundheit"},"content":{"rendered":"<p>Vorsorge ist besser als schlapp machen!<\/p>\n<p>&nbsp;<\/p>\n<p>F\u00fcr die MitarbeiterInnen unseres Betriebes besteht ein arbeitgeber-gef\u00f6rderter Firmentarif bei dem Nideggener Fitness-Studio Fitness and More! Sogar die Partner und Kinder k\u00f6nnen von diesen Konditionen profitieren.<\/p>\n<p>Denn nur ein gesunder K\u00f6rper kann die t\u00e4glichen Anforderungen meistern!<\/p>\n<p>&nbsp;<\/p>\n<p><a href=\"http:\/\/www.fitnessandmore-nideggen.de\/fitnessstudio-nideggen.html\" target=\"_blank\" rel=\"noopener\">http:\/\/www.fitnessandmore-nideggen.de\/fitnessstudio-nideggen.html<\/a><\/p>\n","protected":false},"excerpt":{"rendered":"<p>Vorsorge ist besser als schlapp machen! &nbsp; F\u00fcr die MitarbeiterInnen unseres Betriebes besteht ein arbeitgeber-gef\u00f6rderter Firmentarif bei dem Nideggener Fitness-Studio Fitness and More! Sogar die Partner und Kinder k\u00f6nnen von diesen Konditionen profitieren. Denn nur ein gesunder K\u00f6rper kann die t\u00e4glichen Anforderungen meistern! &nbsp; http:\/\/www.fitnessandmore-nideggen.de\/fitnessstudio-nideggen.html<\/p>\n","protected":false},"author":1,"featured_media":0,"parent":0,"menu_order":0,"comment_status":"closed","ping_status":"closed","template":"","meta":[],"_links":{"self":[{"href":"https:\/\/seniorendomizil-rak.de\/Seniorendomizil\/wp-json\/wp\/v2\/pages\/499"}],"collection":[{"href":"https:\/\/seniorendomizil-rak.de\/Seniorendomizil\/wp-json\/wp\/v2\/pages"}],"about":[{"href":"https:\/\/seniorendomizil-rak.de\/Seniorendomizil\/wp-json\/wp\/v2\/types\/page"}],"author":[{"embeddable":true,"href":"https:\/\/seniorendomizil-rak.de\/Seniorendomizil\/wp-json\/wp\/v2\/users\/1"}],"replies":[{"embeddable":true,"href":"https:\/\/seniorendomizil-rak.de\/Seniorendomizil\/wp-json\/wp\/v2\/comments?post=499"}],"version-history":[{"count":6,"href":"https:\/\/seniorendomizil-rak.de\/Seniorendomizil\/wp-json\/wp\/v2\/pages\/499\/revisions"}],"predecessor-version":[{"id":519,"href":"https:\/\/seniorendomizil-rak.de\/Seniorendomizil\/wp-json\/wp\/v2\/pages\/499\/revisions\/519"}],"wp:attachment":[{"href":"https:\/\/seniorendomizil-rak.de\/Seniorendomizil\/wp-json\/wp\/v2\/media?parent=499"}],"curies":[{"name":"wp","href":"https:\/\/api.w.org\/{rel}","templated":true}]}}