{"id":278,"date":"2017-08-24T16:12:50","date_gmt":"2017-08-24T14:12:50","guid":{"rendered":"http:\/\/vorschau.seniorendomizil-rak.de\/?page_id=278"},"modified":"2019-02-06T16:37:35","modified_gmt":"2019-02-06T15:37:35","slug":"tagespflege","status":"publish","type":"page","link":"https:\/\/seniorendomizil-rak.de\/Seniorendomizil\/tagespflege\/","title":{"rendered":"Tagespflege"},"content":{"rendered":"<p>Im Dezember 2017\u00a0\u00f6ffnete unsere Tagespflege im neu errichteten Anbau.<\/p>\n<p>In der Tagespflege bieten wir bis zu 16 Menschen eine liebevolle Tagesbetreuung.<\/p>\n<p>Informieren Sie sich unverbindlich und reservieren einen kostenlosen Probetag : 02427-9097100<\/p>\n<p>&nbsp;<\/p>\n<p>Ab 8.00 Uhr sind wir f\u00fcr Sie da. Wir starten gemeinsam in den Tag mit einem leckeren Fr\u00fchst\u00fcck, wenn alle G\u00e4ste eingetroffen sind. Sie haben keine M\u00f6glichkeit zu uns zu kommen? Kein Problem, gegen einen kleinen Aufpreis holen wir Sie zu Hause ab (Keine Sorge: die Kosten f\u00fcr den Fahrdienst \u00fcbernimmt i.d.R. Ihre Pflegekasse).<\/p>\n<p>Nach dem Fr\u00fchst\u00fcck wird bei uns die Tageszeitung gelesen und aktuelle Themen diskutiert. Im Anschluss bieten wir Ihnen t\u00e4glich wechselnde Besch\u00e4ftigungen an, wie z.B. Gesellschaftsspiele, Sitztanz, Bingo, Ged\u00e4chtnistraining, Sitzgymnastik und vieles mehr. Hier greifen wir auch gerne die W\u00fcnsche und Anregungen unserer G\u00e4ste auf.<\/p>\n<p>Gegen 12.00 Uhr genie\u00dfen wir das selber, frisch zubereitete Mittagessen und halten im Anschluss Mittagsruhe. Es steht Ihnen frei, ob Sie ein kleines Nickerchen halten m\u00f6chten, oder lieber etwas lesen, oder, oder, oder&#8230;..<\/p>\n<p>Ab 14.00 Uhr starten wir dann wieder mit einem Besch\u00e4ftigungsangebot, bevor wir uns um 15.00 Uhr gemeinsam mit Kaffee und Kuchen verw\u00f6hnen lassen.<\/p>\n<p>Gegen 16.00 Uhr k\u00f6nnen Sie sich von Ihren Angeh\u00f6rigen abholen lassen, oder wir bringen Sie mit unserem hauseigenen Kleinbus in Ihr Zuhause.<\/p>\n<p>Unser Team freut sich schon darauf die Tage gemeinsam mit Ihnen zu gestalten!<\/p>\n","protected":false},"excerpt":{"rendered":"<p>Im Dezember 2017\u00a0\u00f6ffnete unsere Tagespflege im neu errichteten Anbau. In der Tagespflege bieten wir bis zu 16 Menschen eine liebevolle Tagesbetreuung. Informieren Sie sich unverbindlich und reservieren einen kostenlosen Probetag : 02427-9097100 &nbsp; Ab 8.00 Uhr sind wir f\u00fcr Sie da. Wir starten gemeinsam in den Tag mit einem leckeren Fr\u00fchst\u00fcck, wenn alle G\u00e4ste eingetroffen sind. Sie haben keine M\u00f6glichkeit zu uns zu kommen? Kein Problem, gegen einen kleinen Aufpreis holen wir Sie zu Hause ab (Keine Sorge: die Kosten&#8230;<\/p>\n<p class=\"read-more\"><a class=\"btn btn-default\" href=\"https:\/\/seniorendomizil-rak.de\/Seniorendomizil\/tagespflege\/\">Weiterlesen<span class=\"screen-reader-text\"> Weiterlesen<\/span><\/a><\/p>\n","protected":false},"author":1,"featured_media":0,"parent":0,"menu_order":0,"comment_status":"closed","ping_status":"closed","template":"","meta":[],"_links":{"self":[{"href":"https:\/\/seniorendomizil-rak.de\/Seniorendomizil\/wp-json\/wp\/v2\/pages\/278"}],"collection":[{"href":"https:\/\/seniorendomizil-rak.de\/Seniorendomizil\/wp-json\/wp\/v2\/pages"}],"about":[{"href":"https:\/\/seniorendomizil-rak.de\/Seniorendomizil\/wp-json\/wp\/v2\/types\/page"}],"author":[{"embeddable":true,"href":"https:\/\/seniorendomizil-rak.de\/Seniorendomizil\/wp-json\/wp\/v2\/users\/1"}],"replies":[{"embeddable":true,"href":"https:\/\/seniorendomizil-rak.de\/Seniorendomizil\/wp-json\/wp\/v2\/comments?post=278"}],"version-history":[{"count":7,"href":"https:\/\/seniorendomizil-rak.de\/Seniorendomizil\/wp-json\/wp\/v2\/pages\/278\/revisions"}],"predecessor-version":[{"id":654,"href":"https:\/\/seniorendomizil-rak.de\/Seniorendomizil\/wp-json\/wp\/v2\/pages\/278\/revisions\/654"}],"wp:attachment":[{"href":"https:\/\/seniorendomizil-rak.de\/Seniorendomizil\/wp-json\/wp\/v2\/media?parent=278"}],"curies":[{"name":"wp","href":"https:\/\/api.w.org\/{rel}","templated":true}]}}