{"id":16,"date":"2017-07-24T16:18:26","date_gmt":"2017-07-24T14:18:26","guid":{"rendered":"http:\/\/vorschau.seniorendomizil-rak.de\/?page_id=16"},"modified":"2025-10-17T10:47:57","modified_gmt":"2025-10-17T08:47:57","slug":"mitarbeiter-portal","status":"publish","type":"page","link":"https:\/\/seniorendomizil-rak.de\/Seniorendomizil\/mitarbeiter-portal\/","title":{"rendered":"Mitarbeiter-Portal"},"content":{"rendered":"<p>Zur Zeit suchen wir Mitarbeitende in folgenden Bereichen:<\/p>\n<p>Hauswirtschaft \/ Reinigung<\/p>\n<p>Pflegefachkraft (m\/w\/d)<\/p>\n<p>Pflegefachassistent (m\/w\/d)<\/p>\n<p>Pflegehelfer mit LG 1 und LG 2 (m\/w\/d)<\/p>\n<p>&nbsp;<\/p>\n<p>Du treibst gerne Sport? Dann bist Du bei uns richtig. Unsere Partnerschaft mit dem Fitness and more in Nideggen ( http:\/\/www.fitnessandmore-nideggen.de ) erm\u00f6glicht unseren MitarbeiterInnen und deren Familie eine verg\u00fcnstigte Mitgliedschaft.<\/p>\n<p>Heute schon an morgen denken. Wir f\u00f6rdern die private Rentenvorsorge unserer MitarbeiterInnen.<\/p>\n<p>&nbsp;<\/p>\n","protected":false},"excerpt":{"rendered":"<p>Zur Zeit suchen wir Mitarbeitende in folgenden Bereichen: Hauswirtschaft \/ Reinigung Pflegefachkraft (m\/w\/d) Pflegefachassistent (m\/w\/d) Pflegehelfer mit LG 1 und LG 2 (m\/w\/d) &nbsp; Du treibst gerne Sport? Dann bist Du bei uns richtig. Unsere Partnerschaft mit dem Fitness and more in Nideggen ( http:\/\/www.fitnessandmore-nideggen.de ) erm\u00f6glicht unseren MitarbeiterInnen und deren Familie eine verg\u00fcnstigte Mitgliedschaft. Heute schon an morgen denken. Wir f\u00f6rdern die private Rentenvorsorge unserer MitarbeiterInnen. &nbsp;<\/p>\n","protected":false},"author":1,"featured_media":0,"parent":0,"menu_order":0,"comment_status":"closed","ping_status":"closed","template":"","meta":[],"_links":{"self":[{"href":"https:\/\/seniorendomizil-rak.de\/Seniorendomizil\/wp-json\/wp\/v2\/pages\/16"}],"collection":[{"href":"https:\/\/seniorendomizil-rak.de\/Seniorendomizil\/wp-json\/wp\/v2\/pages"}],"about":[{"href":"https:\/\/seniorendomizil-rak.de\/Seniorendomizil\/wp-json\/wp\/v2\/types\/page"}],"author":[{"embeddable":true,"href":"https:\/\/seniorendomizil-rak.de\/Seniorendomizil\/wp-json\/wp\/v2\/users\/1"}],"replies":[{"embeddable":true,"href":"https:\/\/seniorendomizil-rak.de\/Seniorendomizil\/wp-json\/wp\/v2\/comments?post=16"}],"version-history":[{"count":4,"href":"https:\/\/seniorendomizil-rak.de\/Seniorendomizil\/wp-json\/wp\/v2\/pages\/16\/revisions"}],"predecessor-version":[{"id":895,"href":"https:\/\/seniorendomizil-rak.de\/Seniorendomizil\/wp-json\/wp\/v2\/pages\/16\/revisions\/895"}],"wp:attachment":[{"href":"https:\/\/seniorendomizil-rak.de\/Seniorendomizil\/wp-json\/wp\/v2\/media?parent=16"}],"curies":[{"name":"wp","href":"https:\/\/api.w.org\/{rel}","templated":true}]}}

<p>Zur Zeit suchen wir Mitarbeitende in folgenden Bereichen:</p>
<p>Hauswirtschaft / Reinigung</p>
<p>Pflegefachkraft (m/w/d)</p>
<p>Pflegefachassistent (m/w/d)</p>
<p>Pflegehelfer mit LG 1 und LG 2 (m/w/d)</p>
<p>&nbsp;</p>
<p>Du treibst gerne Sport? Dann bist Du bei uns richtig. Unsere Partnerschaft mit dem Fitness and more in Nideggen ( http://www.fitnessandmore-nideggen.de ) ermöglicht unseren MitarbeiterInnen und deren Familie eine vergünstigte Mitgliedschaft.</p>
<p>Heute schon an morgen denken. Wir fördern die private Rentenvorsorge unserer MitarbeiterInnen.</p>
<p>&nbsp;</p>

<p>Zur Zeit suchen wir Mitarbeitende in folgenden Bereichen: Hauswirtschaft / Reinigung Pflegefachkraft (m/w/d) Pflegefachassistent (m/w/d) Pflegehelfer mit LG 1 und LG 2 (m/w/d) &nbsp; Du treibst gerne Sport? Dann bist Du bei uns richtig. Unsere Partnerschaft mit dem Fitness and more in Nideggen ( http://www.fitnessandmore-nideggen.de ) ermöglicht unseren MitarbeiterInnen und deren Familie eine vergünstigte Mitgliedschaft. Heute schon an morgen denken. Wir fördern die private Rentenvorsorge unserer MitarbeiterInnen. &nbsp;</p>
