{"id":14,"date":"2017-07-24T16:18:10","date_gmt":"2017-07-24T14:18:10","guid":{"rendered":"http:\/\/vorschau.seniorendomizil-rak.de\/?page_id=14"},"modified":"2018-05-17T15:09:34","modified_gmt":"2018-05-17T13:09:34","slug":"kooperationspartner","status":"publish","type":"page","link":"https:\/\/seniorendomizil-rak.de\/Seniorendomizil\/kooperationspartner\/","title":{"rendered":"Kooperationspartner"},"content":{"rendered":"<h2>Unsere Kooperationspartner<\/h2>\n<hr \/>\n<p>&nbsp;<\/p>\n<p style=\"text-align: center;\"><a href=\"https:\/\/seniorendomizil-rak.de\/wp-content\/uploads\/Fotografin-Annika-Scholz-aus-Kempen.png\"><img loading=\"lazy\" class=\"aligncenter wp-image-528 size-full\" src=\"https:\/\/seniorendomizil-rak.de\/wp-content\/uploads\/Fotografin-Annika-Scholz-aus-Kempen.png\" alt=\"\" width=\"575\" height=\"279\" srcset=\"https:\/\/seniorendomizil-rak.de\/wp-content\/uploads\/Fotografin-Annika-Scholz-aus-Kempen.png 575w, https:\/\/seniorendomizil-rak.de\/wp-content\/uploads\/Fotografin-Annika-Scholz-aus-Kempen-556x270.png 556w\" sizes=\"(max-width: 575px) 100vw, 575px\" \/><\/a><\/p>\n<p style=\"text-align: center;\">\n<p style=\"text-align: center;\"><a href=\"https:\/\/www.annikaluise.de\">www.annikaluise.de<\/a><\/p>\n<hr \/>\n<p><img class=\"aligncenter\" style=\"text-align: -webkit-center;\" src=\"https:\/\/seniorendomizil-rak.de\/images\/stories\/data%20schafhausen%20logo.png\" alt=\"\" \/><\/p>\n<p style=\"text-align: center;\"><strong>DATA\u00a0 Schafhausen GmbH<\/strong><\/p>\n<p style=\"text-align: center;\">Software f\u00fcr die station\u00e4re und ambulante Pflege<\/p>\n<p style=\"text-align: center;\">IT L\u00f6sungspartner des Seniorenheim Maria Rak<br \/>\nMehr Informationen unter:<br \/>\n<a href=\"https:\/\/www.data-schafhausen.com\/\" target=\"_blank\" rel=\"noopener\">www.data-schafhausen.com<\/a><\/p>\n<hr \/>\n<p style=\"text-align: center;\"><img class=\"aligncenter\" src=\"https:\/\/seniorendomizil-rak.de\/images\/stories\/Hospiz%20Rureifel.jpg\" alt=\"\" \/><br \/>\n<strong>Hospiz Rureifel <\/strong>in Nideggen<br \/>\nMehr Informationen unter: <a href=\"https:\/\/www.hospiz-rureifel.de\/\" target=\"_blank\" rel=\"noopener\">www.hospiz-rureifel.de<\/a><\/p>\n<hr \/>\n<p style=\"text-align: center;\"><a href=\"https:\/\/seniorendomizil-rak.de\/wp-content\/uploads\/Sekundarschule-Nideggen-1.jpg\"><img loading=\"lazy\" class=\"aligncenter wp-image-525 size-full\" src=\"https:\/\/seniorendomizil-rak.de\/wp-content\/uploads\/Sekundarschule-Nideggen-1.jpg\" alt=\"\" width=\"576\" height=\"156\" \/><\/a><\/p>\n<p style=\"text-align: center;\">https:\/\/www.sekundarschule-kreuzau-nideggen.de\/<\/p>\n<hr \/>\n<p style=\"text-align: center;\"><img style=\"text-align: start;\" src=\"https:\/\/seniorendomizil-rak.de\/images\/stories\/vdab.jpg\" alt=\"\" \/><\/p>\n<p style=\"text-align: center;\"><strong>VDAB\u00a0<\/strong>&#8211; Verband Dt. Alten- und Behindertenhilfe e.V.<br \/>\nMehr Informationen unter:\u00a0<a href=\"https:\/\/www.vdab.de\/\" target=\"_blank\" rel=\"noopener\">www.vdab.de<\/a><\/p>\n<hr \/>\n<p style=\"text-align: center;\"><img class=\"aligncenter\" style=\"text-align: -webkit-center;\" src=\"https:\/\/seniorendomizil-rak.de\/images\/stories\/victoria.jpg\" alt=\"\" \/><span style=\"text-align: center;\">\u00a0<\/span><strong style=\"text-align: center;\"><br \/>\nVictoria Apotheke\u00a0<\/strong><span style=\"text-align: center;\">in Kreuzau<\/span><br style=\"text-align: center;\" \/><span style=\"text-align: center;\">Mehr Informationen unter:\u00a0<\/span><a style=\"text-align: center;\" href=\"https:\/\/www.victoria-apotheke.de\/\" target=\"_blank\" rel=\"noopener\">www.victoria-apotheke.de<\/a><\/p>\n<hr \/>\n<p>Hinweise:<br \/>\n<span style=\"color: #000000;\"><span style=\"font-family: Verdana;\">Das <\/span><\/span>Senioren Domizil Rak <span style=\"color: #000000;\"><span style=\"font-family: Verdana;\">\u00fcbernimmt keine Verantwortung f\u00fcr die Inhalte von Internetseiten Dritter, die \u00fcber Links erreicht werden. Die Links werden bei der Aufnahme nur kursorisch angesehen und bewertet. Eine kontinuierliche Pr\u00fcfung der Inhalte ist weder beabsichtigt noch m\u00f6glich. Das <\/span><\/span>Senioren Domizil Rak <span style=\"color: #000000;\"><span style=\"font-family: Verdana;\">distanziert sich ausdr\u00fccklich von allen Inhalten, die m\u00f6glicherweise straf- oder haftungsrechtlich relevant sind oder gegen die guten Sitten versto\u00dfen.<\/span><\/span><\/p>\n<p>Durch die Digitalisierung von Daten k\u00f6nnen Fehler auftreten. Beim Einsatz unterschiedlicher Browser f\u00fcr das World Wide Web und aufgrund unterschiedlicher Software-Einstellungen kann es bei der Darstellung der Daten zu Abweichungen kommen.<\/p>\n","protected":false},"excerpt":{"rendered":"<p>Unsere Kooperationspartner &nbsp; www.annikaluise.de DATA\u00a0 Schafhausen GmbH Software f\u00fcr die station\u00e4re und ambulante Pflege IT L\u00f6sungspartner des Seniorenheim Maria Rak Mehr Informationen unter: www.data-schafhausen.com Hospiz Rureifel in Nideggen Mehr Informationen unter: www.hospiz-rureifel.de https:\/\/www.sekundarschule-kreuzau-nideggen.de\/ VDAB\u00a0&#8211; Verband Dt. Alten- und Behindertenhilfe e.V. Mehr Informationen unter:\u00a0www.vdab.de \u00a0 Victoria Apotheke\u00a0in KreuzauMehr Informationen unter:\u00a0www.victoria-apotheke.de Hinweise: Das Senioren Domizil Rak \u00fcbernimmt keine Verantwortung f\u00fcr die Inhalte von Internetseiten Dritter, die \u00fcber Links erreicht werden. Die Links werden bei der Aufnahme nur kursorisch angesehen und bewertet. Eine&#8230;<\/p>\n<p class=\"read-more\"><a class=\"btn btn-default\" href=\"https:\/\/seniorendomizil-rak.de\/Seniorendomizil\/kooperationspartner\/\">Weiterlesen<span class=\"screen-reader-text\"> Weiterlesen<\/span><\/a><\/p>\n","protected":false},"author":1,"featured_media":0,"parent":0,"menu_order":0,"comment_status":"closed","ping_status":"closed","template":"","meta":[],"_links":{"self":[{"href":"https:\/\/seniorendomizil-rak.de\/Seniorendomizil\/wp-json\/wp\/v2\/pages\/14"}],"collection":[{"href":"https:\/\/seniorendomizil-rak.de\/Seniorendomizil\/wp-json\/wp\/v2\/pages"}],"about":[{"href":"https:\/\/seniorendomizil-rak.de\/Seniorendomizil\/wp-json\/wp\/v2\/types\/page"}],"author":[{"embeddable":true,"href":"https:\/\/seniorendomizil-rak.de\/Seniorendomizil\/wp-json\/wp\/v2\/users\/1"}],"replies":[{"embeddable":true,"href":"https:\/\/seniorendomizil-rak.de\/Seniorendomizil\/wp-json\/wp\/v2\/comments?post=14"}],"version-history":[{"count":10,"href":"https:\/\/seniorendomizil-rak.de\/Seniorendomizil\/wp-json\/wp\/v2\/pages\/14\/revisions"}],"predecessor-version":[{"id":618,"href":"https:\/\/seniorendomizil-rak.de\/Seniorendomizil\/wp-json\/wp\/v2\/pages\/14\/revisions\/618"}],"wp:attachment":[{"href":"https:\/\/seniorendomizil-rak.de\/Seniorendomizil\/wp-json\/wp\/v2\/media?parent=14"}],"curies":[{"name":"wp","href":"https:\/\/api.w.org\/{rel}","templated":true}]}}